MONTHLY CLIMATOLOGICAL SUMMARY for NOV. 2022

NAME: Venhuizerweer   CITY: Venhuizen STATE: Nederland
ELEV: -2 LAT: 052:39:56 LONG: -005:12:41

                            TEMPERATURE ( C), RAIN (mm), WIND SPEED (kmh)

                                               HEAT     COOL           AVG
      MEAN                                     DEG      DEG            WIND                       DOM
DAY   TEMP    HIGH   TIME     LOW    TIME      DAYS     DAYS    RAIN   SPEED    HIGH    TIME      DIR
--------------------------------------------------------------------------------------------------------
01    14.8    16.4   13:33    13.1   00:00     03.2     00.0    00.4   17.6     48.1    19:05     SSE
02    12.7    15.2   14:08    10.7   05:46     05.3     00.0    08.8   13.7     44.4    22:42      S 
03    12.9    14.5   13:15    10.8   00:00     05.1     00.0    02.0   17.4     44.4    02:27      SE
04    10.2    13.2   11:33    07.5   22:34     07.8     00.0    07.0   00.7     22.2    04:21      SW
05    09.6    11.8   15:15    06.6   01:25     08.4     00.0    00.6   08.3     44.4    23:48     SSE
06    10.3    12.1   13:03    08.7   19:29     07.7     00.0    12.0   20.1     51.8    16:15     SSE
07    12.2    13.9   12:34    10.8   00:34     05.8     00.0    08.0   13.8     44.4    02:52      S 
08    12.8    14.3   14:08    11.5   23:07     05.2     00.0    03.4   17.6     42.5    08:34     SSE
09    11.7    13.4   13:57    09.9   00:00     06.3     00.0    03.2   08.1     42.5    13:54      S 
10    11.7    14.0   14:17    09.8   01:13     06.3     00.0    00.2   07.3     33.3    23:30      S 
11    10.7    12.1   02:19    09.3   00:00     07.3     00.0    00.0   07.0     31.4    08:12      S 
12    09.3    11.5   14:15    08.0   23:49     08.7     00.0    00.2   01.4     16.6    10:50      S 
13    10.0    13.3   14:06    07.4   00:00     08.0     00.0    00.2   01.4     16.6    23:48     ESE
14    07.1    09.3   14:15    05.3   08:33     10.9     00.0    00.0   07.7     29.6    21:51     ESE
15    10.1    12.2   13:02    06.3   01:18     07.9     00.0    02.8   11.4     31.4    20:27      SE
16    10.6    11.7   14:27    09.4   00:00     07.4     00.0    08.8   08.7     31.4    11:08      SE
17    10.0    10.7   19:57    09.2   03:05     08.0     00.0    15.2   17.0     50.0    08:10     ESE
18    07.8    10.5   13:56    03.5   00:00     10.2     00.0    00.4   08.6     35.1    22:26     ESE
19    02.1    03.6   14:15    00.4   08:48     15.9     00.0    00.0   08.4     33.3    08:15      NE
20    01.2    03.2   19:23   -03.1   07:16     16.8     00.0    11.0   04.1     27.8    14:29      E 
21    04.0    05.9   00:00    01.7   08:03     14.0     00.0    02.2   07.0     33.3    20:51     ESE
22    06.5    07.7   00:00    05.4   08:32     11.5     00.0    01.0   14.9     38.9    08:08      SE
23    08.0    09.4   12:53    07.4   21:54     10.0     00.0    01.8   14.7     40.7    15:56      SE
24    08.3    10.5   13:38    07.2   07:31     09.7     00.0    00.4   12.0     37.0    20:58     SSE
25    08.6    12.7   14:07    05.8   00:00     09.4     00.0    04.2   06.4     31.4    02:16     SSE
26    07.4    09.3   15:05    05.6   00:36     10.6     00.0    00.2   06.4     29.6    19:56     SSE
27    07.4    07.7   14:32    06.5   00:00     10.6     00.0    05.8   04.6     31.4    18:54      SE
28    07.7    09.2   14:25    06.5   00:15     10.3     00.0    02.8   04.9     22.2    07:06     SSE
29    07.6    09.9   13:43    04.0   08:46     10.4     00.0    00.4   00.7     22.2    14:56     SSW
30    06.6    08.6   14:05    04.4   19:36     11.4     00.0    00.0   00.3     12.9    14:07     WSW
--------------------------------------------------------------------------------------------------------
09.0 (9.0)   16.4  day 01    -03.1  day 20   270.2    000.0   103.0   09.1     51.8   day 06      SE
Min <=   30: 30
Max Rain: 15.2 ON 17-11-22
Days of Rain: 26 (> .2mm) 14 (> 2mm) 0 (> 20mm)