MONTHLY CLIMATOLOGICAL SUMMARY for NOV. 2018

NAME: Venhuizerweer   CITY: Venhuizen STATE: Nederland
ELEV: -2 LAT: 052:39:56 LONG: -005:12:41

                            TEMPERATURE ( C), RAIN (mm), WIND SPEED (kmh)

                                               HEAT     COOL           AVG
      MEAN                                     DEG      DEG            WIND                       DOM
DAY   TEMP    HIGH   TIME     LOW    TIME      DAYS     DAYS    RAIN   SPEED    HIGH    TIME      DIR
--------------------------------------------------------------------------------------------------------
01    10.0    11.8   13:56    08.9   03:29     08.0     00.0    02.6   07.4     29.6    20:08      SE
02    08.9    12.6   11:46    05.6   21:05     09.1     00.0    02.8   03.0     29.6    03:50      SW
03    07.2    09.9   14:21    05.1   06:35     10.8     00.0    00.0   05.0     24.1    12:24     SSE
04    07.4    09.9   15:10    05.0   07:58     10.6     00.0    00.2   03.9     18.5    10:43      SE
05    08.2    09.2   20:50    07.2   07:42     09.8     00.0    00.2   02.2     25.9    08:32      E 
06    10.8    15.6   14:06    07.6   03:44     07.2     00.0    00.0   01.9     18.5    18:12      E 
07    11.1    12.9   13:21    09.5   08:37     06.9     00.0    00.4   12.9     33.3    19:31      SE
08    10.0    12.3   14:39    07.5   23:58     08.0     00.0    00.0   06.9     29.6    06:19     SSE
09    09.1    10.7   15:03    07.4   00:55     08.9     00.0    00.0   06.6     29.6    23:34     ESE
10    11.1    12.4   13:28    09.8   00:00     06.9     00.0    05.0   14.1     46.3    06:11      SE
11    10.8    12.8   14:32    09.4   22:23     07.2     00.0    01.4   13.4     42.5    12:04     SSE
12    10.0    11.3   14:15    09.3   03:57     08.0     00.0    01.8   07.1     24.1    21:52     SSE
--------------------------------------------------------------------------------------------------------
09.5 (9.7)   15.6  day 06     05.0  day 04   101.4    000.0   014.4   07.0     46.3   day 10      SE
Min <=   30: 12
Max Rain: 5.0 ON 10-11-18
Days of Rain: 8 (> .2mm) 3 (> 2mm) 0 (> 20mm)