MONTHLY CLIMATOLOGICAL SUMMARY for JAN. 2022

NAME: Venhuizerweer   CITY: Venhuizen STATE: Nederland
ELEV: -2 LAT: 052:39:56 LONG: -005:12:41

                            TEMPERATURE ( C), RAIN (mm), WIND SPEED (kmh)

                                               HEAT     COOL           AVG
      MEAN                                     DEG      DEG            WIND                       DOM
DAY   TEMP    HIGH   TIME     LOW    TIME      DAYS     DAYS    RAIN   SPEED    HIGH    TIME      DIR
--------------------------------------------------------------------------------------------------------
01    10.3    11.2   20:42    08.8   04:01     07.7     00.0    00.2   08.8     31.4    14:24      S 
02    10.6    12.4   11:17    08.6   22:54     07.4     00.0    10.0   09.7     50.0    11:27     WSW
03    09.5    11.4   13:29    08.2   00:00     08.5     00.0    00.0   11.3     46.3    14:24     WSW
04    06.4    08.6   03:48    02.7   00:00     11.6     00.0    04.0   02.6     31.4    19:33     WSW
05    05.6    07.9   15:18    02.7   00:19     12.4     00.0    04.2   08.9     59.2    09:20     WSW
06    04.3    06.9   12:47    01.7   08:50     13.7     00.0    00.0   05.6     44.4    22:52     SSW
07    04.5    07.2   13:38    02.6   23:33     13.5     00.0    02.2   07.3     42.5    05:03      SW
08    03.8    06.8   00:00    01.8   04:46     14.2     00.0    09.6   12.7     55.5    14:20     WSW
09    05.2    07.0   13:05    02.2   00:00     12.8     00.0    04.6   03.4     38.9    04:41     WSW
10    03.5    05.9   14:19    02.1   00:46     14.5     00.0    00.2   01.4     16.6    22:59     SSE
11    03.0    04.5   19:13    01.2   06:08     15.0     00.0    01.0   07.4     31.4    11:00     SSE
12    04.1    07.0   12:53    00.0   00:00     13.9     00.0    00.4   01.1     20.4    22:55      SW
13    05.9    07.8   14:05    04.6   01:31     12.1     00.0    00.2   02.9     25.9    21:29     WSW
14    05.8    07.4   13:43    03.3   22:22     12.2     00.0    00.2   00.4     16.6    09:06      SW
15    03.5    07.4   00:00    01.6   22:50     14.5     00.0    00.4   03.8     20.4    21:28      S 
16    05.9    08.2   14:57    01.9   00:01     12.1     00.0    00.2   03.1     24.1    23:10     WSW
17    07.0    09.7   13:43    01.2   22:38     11.0     00.0    00.0   05.1     35.1    12:06     WSW
18    03.6    05.0   10:44    01.2   07:37     14.4     00.0    00.4   02.0     20.4    12:12     SSW
19    05.0    07.3   16:54    02.3   04:21     13.0     00.0    00.6   04.2     33.3    23:52     WSW
20    04.1    05.5   02:29    02.0   23:40     13.9     00.0    00.8   11.5     46.3    20:00     WSW
21    04.6    07.1   11:05    02.0   02:47     13.4     00.0    00.4   03.1     31.4    12:41     WSW
22    06.6    07.7   13:31    06.1   21:21     11.4     00.0    00.6   01.4     20.4    13:39     WSW
--------------------------------------------------------------------------------------------------------
05.6 (5.4)   12.4  day 02     00.0  day 18   273.3    000.0   040.2   05.4     59.2   day 08      SW
Min <=   30: 22
Max Rain: 10.0 ON 2-01-22
Days of Rain: 19 (> .2mm) 6 (> 2mm) 0 (> 20mm)