MONTHLY CLIMATOLOGICAL SUMMARY for MAY. 2024

NAME: Venhuizerweer   CITY: Venhuizen STATE: Nederland
ELEV: -2 LAT: 052:39:56 LONG: -005:12:41

                            TEMPERATURE ( C), RAIN (mm), WIND SPEED (kmh)

                                               HEAT     COOL           AVG
      MEAN                                     DEG      DEG            WIND                       DOM
DAY   TEMP    HIGH   TIME     LOW    TIME      DAYS     DAYS    RAIN   SPEED    HIGH    TIME      DIR
--------------------------------------------------------------------------------------------------------
01    17.8    21.0   20:21    15.1   03:59     00.2     00.0    00.8   05.1     31.4    15:25      W 
02    19.2    26.2   17:13    13.7   23:56     00.0     01.2    00.0   06.0     29.6    23:36     NNE
03    12.8    14.2   01:22    11.1   23:15     05.2     00.0    04.6   07.2     40.7    18:45      SW
04    13.6    17.7   13:23    10.6   06:06     04.4     00.0    00.2   04.7     25.9    19:51     SSE
05    13.5    19.1   15:45    09.9   07:16     04.5     00.0    07.8   03.2     33.3    12:18     WSW
06    15.0    19.2   16:05    11.3   05:34     03.0     00.0    00.0   03.1     24.1    19:38      N 
07    14.3    18.8   14:46    10.0   06:46     03.7     00.0    00.0   04.3     25.9    18:22      NW
08    13.5    17.6   14:35    10.8   00:00     04.5     00.0    00.0   03.1     20.4    20:12     WNW
09    13.8    19.6   13:13    07.8   06:18     04.2     00.0    00.0   01.0     16.6    12:40     WNW
10    14.7    19.3   15:26    08.9   06:13     03.3     00.0    00.0   02.7     20.4    18:58      NW
11    16.2    22.1   17:42    11.6   06:50     01.8     00.0    00.0   05.3     24.1    23:39     NNE
12    19.3    24.3   17:01    14.4   06:43     00.0     01.3    00.0   06.3     24.1    13:13      NE
13    20.3    26.1   14:39    16.6   05:53     00.0     02.3    00.0   04.8     24.1    01:50      SE
14    21.6    27.3   15:18    16.8   00:00     00.0     03.6    00.2   05.3     35.1    20:02      E 
15    18.4    24.7   15:16    14.3   06:29     00.0     00.4    10.6   02.4     35.1    17:52      SW
16    17.8    22.3   15:58    15.1   00:00     00.2     00.0    14.4   04.5     33.3    15:38     SSE
17    17.3    22.8   16:07    14.0   04:20     00.7     00.0    00.0   04.2     25.9    17:05     WSW
18    19.8    25.1   16:17    15.0   06:22     00.0     01.8    00.0   02.9     25.9    19:27     NNW
19    18.7    23.7   13:40    14.7   06:19     00.0     00.7    00.0   06.3     38.9    17:37     NNW
20    17.2    20.4   13:26    14.9   05:26     00.8     00.0    04.4   05.6     24.1    18:23     NNW
21    19.1    24.8   17:26    15.3   00:00     00.0     01.1    18.8   04.2     37.0    18:27     NNE
22    16.0    18.3   18:15    14.4   07:19     02.0     00.0    20.6   07.3     33.3    13:56     SSW
23    16.7    20.8   14:54    14.2   04:22     01.3     00.0    00.0   06.0     35.1    16:11      SW
24    16.9    21.7   14:38    13.0   06:12     01.1     00.0    05.8   03.1     27.8    22:22      NW
25    16.5    21.4   15:31    13.0   00:00     01.5     00.0    06.8   02.9     31.4    17:48     SSW
--------------------------------------------------------------------------------------------------------
16.8 (17.3)   27.3  day 14     07.8  day 09   042.4    012.5   095.0   04.5     40.7   day 21     WNW
Min <=   30: 25
Max Rain: 20.6 ON 22-05-24
Days of Rain: 12 (> .2mm) 9 (> 2mm) 1 (> 20mm)