MONTHLY CLIMATOLOGICAL SUMMARY for JAN. 2020

NAME: Venhuizerweer   CITY: Venhuizen STATE: Nederland
ELEV: -2 LAT: 052:39:56 LONG: -005:12:41

                            TEMPERATURE ( C), RAIN (mm), WIND SPEED (kmh)

                                               HEAT     COOL           AVG
      MEAN                                     DEG      DEG            WIND                       DOM
DAY   TEMP    HIGH   TIME     LOW    TIME      DAYS     DAYS    RAIN   SPEED    HIGH    TIME      DIR
--------------------------------------------------------------------------------------------------------
01    01.9    03.4   01:44    00.6   14:12     16.1     00.0    00.0   03.6     20.4    10:51      N 
02    03.7    06.0   00:00    02.7   10:45     14.3     00.0    00.0   08.9     35.1    22:04     ESE
03    07.0    09.7   13:53    04.6   23:08     11.0     00.0    07.8   07.9     42.5    14:49     ESE
04    06.7    08.6   15:23    04.7   21:51     11.3     00.0    00.4   04.2     37.0    13:04     WSW
05    06.8    07.8   12:49    05.8   22:32     11.2     00.0    00.4   03.3     24.1    13:36     WSW
06    05.8    06.3   03:53    04.5   19:11     12.2     00.0    00.4   09.0     27.8    23:05     SSW
07    06.3    07.8   01:31    04.2   08:43     11.7     00.0    00.2   09.6     44.4    22:59     SSW
08    10.0    12.1   12:58    06.8   00:09     08.0     00.0    00.6   06.3     38.9    00:38     SSW
09    09.7    11.6   17:10    07.7   00:50     08.3     00.0    04.0   11.5     37.0    08:59      SW
10    07.2    09.9   00:57    04.0   21:53     10.8     00.0    00.4   05.0     31.4    15:07      S 
11    06.3    07.8   22:58    04.1   00:01     11.7     00.0    00.0   11.8     38.9    19:00     WSW
12    07.5    10.3   15:06    05.8   22:56     10.5     00.0    02.0   10.1     42.5    15:02     SSE
13    07.0    09.2   23:59    05.7   09:51     11.0     00.0    00.0   13.6     51.8    23:10      SW
14    09.5    12.1   22:44    07.6   09:52     08.5     00.0    12.2   20.5     51.8    19:02     SSE
15    09.4    11.9   00:55    06.5   20:10     08.6     00.0    04.6   16.0     50.0    06:19     SSE
16    07.3    08.9   22:55    05.6   09:13     10.7     00.0    00.4   11.7     42.5    23:18     SSW
17    08.3    09.6   16:14    04.8   23:00     09.7     00.0    01.6   13.5     42.5    23:18     SSE
--------------------------------------------------------------------------------------------------------
07.1 (7.0)   12.1  day 14     00.0  day 17   185.8    000.0   035.0   09.8     51.8   day 14      S 
Min <=   30: 17
Max Rain: 12.2 ON 14-01-20
Days of Rain: 13 (> .2mm) 4 (> 2mm) 0 (> 20mm)