MONTHLY CLIMATOLOGICAL SUMMARY for MAR. 2019

NAME: Venhuizerweer   CITY: Venhuizen STATE: Nederland
ELEV: -2 LAT: 052:39:56 LONG: -005:12:41

                            TEMPERATURE ( C), RAIN (mm), WIND SPEED (kmh)

                                               HEAT     COOL           AVG
      MEAN                                     DEG      DEG            WIND                       DOM
DAY   TEMP    HIGH   TIME     LOW    TIME      DAYS     DAYS    RAIN   SPEED    HIGH    TIME      DIR
--------------------------------------------------------------------------------------------------------
01    06.5    09.0   00:28    04.6   19:49     11.5     00.0    00.2   04.8     38.9    06:36      W 
02    07.9    11.4   14:43    04.6   03:01     10.1     00.0    00.2   09.4     44.4    22:54      S 
03    10.6    11.8   17:48    09.3   10:53     07.4     00.0    09.4   16.3     55.5    16:01     SSW
04    08.9    11.7   02:54    05.8   09:37     09.1     00.0    02.8   14.3     57.4    06:07      SW
05    07.8    10.4   14:04    05.9   07:58     10.2     00.0    00.0   08.7     37.0    02:57      SW
06    08.9    10.2   23:26    07.3   00:19     09.1     00.0    04.8   15.9     44.4    12:24      SE
07    09.2    10.7   14:45    07.0   00:00     08.8     00.0    14.8   17.2     68.5    17:05      SW
08    07.8    10.4   13:55    06.2   07:52     10.2     00.0    03.4   09.4     48.1    05:14     WSW
09    08.1    10.2   12:44    06.7   19:00     09.9     00.0    04.2   11.9     59.2    16:28     WSW
10    05.4    07.4   00:11    03.4   18:23     12.6     00.0    16.4   05.8     37.0    21:07      W 
11    05.4    07.7   13:44    03.4   05:57     12.6     00.0    03.4   11.5     64.8    14:10     WSW
12    06.5    08.6   14:54    03.6   00:12     11.5     00.0    05.0   19.4     61.0    16:16     SSE
13    07.7    09.8   15:38    05.8   00:01     10.3     00.0    02.2   16.5     61.0    17:51     WSW
14    08.0    10.2   15:28    06.5   07:33     10.0     00.0    09.2   13.2     70.3    13:30     WSW
15    09.2    12.8   13:24    06.9   08:27     08.8     00.0    01.2   09.6     53.6    16:43     WSW
16    09.4    11.3   23:40    07.0   08:45     08.6     00.0    03.6   17.4     72.2    21:46      SW
17    07.5    11.2   00:02    05.3   00:00     10.5     00.0    07.2   09.5     74.0    00:56     WSW
18    06.2    09.8   12:42    02.7   00:00     11.8     00.0    00.4   06.9     48.1    10:37     WSW
19    06.3    11.1   15:57    01.2   06:23     11.7     00.0    00.2   02.6     18.5    14:21     SSE
20    09.6    12.6   15:12    06.1   00:17     08.4     00.0    00.0   04.6     25.9    14:33      SW
21    09.3    10.3   15:16    07.8   07:59     08.7     00.0    00.0   02.9     24.1    10:31      SW
22    09.1    14.3   17:52    06.8   21:36     08.9     00.0    00.0   03.3     24.1    21:19      S 
23    08.1    10.7   13:48    04.4   00:00     09.9     00.0    00.0   03.4     27.8    16:23     WNW
24    06.6    11.6   13:08    02.4   07:04     11.4     00.0    00.0   03.1     33.3    17:34      W 
25    07.9    10.1   13:01    06.2   07:20     10.1     00.0    00.4   15.7     62.9    12:29     WSW
--------------------------------------------------------------------------------------------------------
07.9 (8.0)   14.3  day 22     01.2  day 19   252.1    000.0   089.4   10.1     74.0   day 14      SW
Min <=   30: 25
Max Rain: 16.4 ON 10-03-19
Days of Rain: 19 (> .2mm) 13 (> 2mm) 0 (> 20mm)