MONTHLY CLIMATOLOGICAL SUMMARY for AUG. 2020

NAME: Venhuizerweer   CITY: Venhuizen STATE: Nederland
ELEV: -2 LAT: 052:39:56 LONG: -005:12:41

                            TEMPERATURE ( C), RAIN (mm), WIND SPEED (kmh)

                                               HEAT     COOL           AVG
      MEAN                                     DEG      DEG            WIND                       DOM
DAY   TEMP    HIGH   TIME     LOW    TIME      DAYS     DAYS    RAIN   SPEED    HIGH    TIME      DIR
--------------------------------------------------------------------------------------------------------
01    22.5    27.1   11:53    17.8   00:00     00.0     04.5    00.0   02.2     24.1    18:16     WSW
02    19.5    23.7   14:38    15.2   00:00     00.0     01.5    00.0   03.5     31.4    13:27     WSW
03    16.7    22.4   13:24    13.3   04:06     01.3     00.0    01.4   01.4     18.5    09:58     WSW
04    17.7    22.6   13:06    11.9   06:37     00.3     00.0    00.0   02.5     25.9    23:16     SSW
05    21.8    26.8   14:37    16.7   06:56     00.0     03.8    00.0   06.5     33.3    12:49      S 
06    22.7    29.6   14:08    16.3   06:25     00.0     04.7    00.0   01.4     14.8    17:38      S 
07    26.4    33.3   15:37    20.2   07:13     00.0     08.4    00.0   00.1     11.1    00:09     NNE
08    27.1    33.9   15:08    20.9   07:21     00.0     09.1    00.0   00.4     12.9    19:59      N 
09    25.9    31.2   15:35    21.3   06:39     00.0     07.9    00.0   04.4     25.9    22:10      N 
10    26.4    32.6   16:36    21.3   06:39     00.0     08.4    00.0   02.9     18.5    20:50     NNE
11    27.3    32.4   17:12    23.0   07:09     00.0     09.3    00.0   03.1     24.1    10:23      NE
--------------------------------------------------------------------------------------------------------
23.1 (23.3)   33.9  day 08     11.9  day 04   001.6    057.6   001.4   02.6     33.3   day 05     WNW
Max >=  30: 5
Min <=   30: 11
Max Rain: 1.4 ON 3-08-20
Days of Rain: 1 (> .2mm) 0 (> 2mm) 0 (> 20mm)