MONTHLY CLIMATOLOGICAL SUMMARY for MAY. 2019

NAME: Venhuizerweer   CITY: Venhuizen STATE: Nederland
ELEV: -2 LAT: 052:39:56 LONG: -005:12:41

                            TEMPERATURE ( C), RAIN (mm), WIND SPEED (kmh)

                                               HEAT     COOL           AVG
      MEAN                                     DEG      DEG            WIND                       DOM
DAY   TEMP    HIGH   TIME     LOW    TIME      DAYS     DAYS    RAIN   SPEED    HIGH    TIME      DIR
--------------------------------------------------------------------------------------------------------
01    09.9    12.7   13:41    06.7   00:00     08.1     00.0    00.0   01.6     18.5    16:57      W 
02    10.4    14.6   14:31    06.7   00:20     07.6     00.0    00.4   03.9     40.7    17:32     WSW
03    08.7    11.7   09:55    05.7   05:03     09.3     00.0    00.2   05.2     37.0    17:17     WSW
04    07.5    11.1   13:32    03.9   04:18     10.5     00.0    00.4   08.8     55.5    10:19      W 
05    07.9    11.5   14:44    05.6   00:54     10.1     00.0    01.6   07.7     48.1    13:40      W 
06    08.6    13.3   12:44    05.1   04:55     09.4     00.0    00.6   02.5     29.6    17:02     WSW
07    09.0    12.4   13:16    03.6   06:01     09.0     00.0    00.2   04.7     25.9    17:26     SSE
08    10.8    13.0   19:26    09.2   07:53     07.2     00.0    00.8   08.3     40.7    17:19      SE
09    12.8    17.5   15:49    09.8   07:08     05.2     00.0    00.0   08.5     35.1    08:07      S 
10    10.7    14.2   11:23    08.4   20:59     07.3     00.0    02.4   03.0     25.9    13:26     WNW
11    10.3    13.9   13:34    07.5   06:39     07.7     00.0    00.2   08.2     35.1    16:52      NW
12    10.2    14.0   13:46    06.1   05:28     07.8     00.0    00.0   06.3     33.3    17:15      NW
13    10.3    14.9   15:16    05.0   06:51     07.7     00.0    00.0   04.9     25.9    15:27     NNW
14    11.6    16.3   17:08    07.6   05:55     06.4     00.0    00.0   06.4     29.6    20:05      N 
15    12.7    17.1   14:40    09.0   06:44     05.3     00.0    00.0   06.0     31.4    21:54      N 
16    12.7    17.3   15:08    09.7   04:09     05.3     00.0    00.0   09.3     40.7    20:28      N 
17    13.2    16.2   12:49    11.5   04:14     04.8     00.0    00.0   05.3     25.9    15:58      NE
18    14.8    20.4   12:12    11.3   03:53     03.2     00.0    01.4   02.4     24.1    17:44      SW
19    13.7    17.0   12:41    12.4   05:31     04.3     00.0    00.0   07.8     35.1    18:18     WNW
20    13.7    17.3   13:26    12.2   23:59     04.3     00.0    00.0   05.8     29.6    01:01     WSW
21    12.3    14.0   14:36    11.3   05:07     05.7     00.0    00.0   09.0     33.3    09:52     WSW
22    13.9    18.4   16:12    10.9   05:22     04.1     00.0    00.0   03.7     25.9    17:36     WSW
23    16.4    21.6   14:36    10.9   01:12     01.6     00.0    00.0   05.7     27.8    12:39      S 
--------------------------------------------------------------------------------------------------------
11.4 (11.8)   21.6  day 23     03.6  day 07   152.0    000.0   008.2   05.9     55.5   day 04      W 
Min <=   30: 23
Max Rain: 2.4 ON 10-05-19
Days of Rain: 10 (> .2mm) 1 (> 2mm) 0 (> 20mm)