MONTHLY CLIMATOLOGICAL SUMMARY for JAN. 2021

NAME: Venhuizerweer   CITY: Venhuizen STATE: Nederland
ELEV: -2 LAT: 052:39:56 LONG: -005:12:41

                            TEMPERATURE ( C), RAIN (mm), WIND SPEED (kmh)

                                               HEAT     COOL           AVG
      MEAN                                     DEG      DEG            WIND                       DOM
DAY   TEMP    HIGH   TIME     LOW    TIME      DAYS     DAYS    RAIN   SPEED    HIGH    TIME      DIR
--------------------------------------------------------------------------------------------------------
01    03.9    07.6   14:19    00.9   03:16     14.1     00.0    00.2   00.1     11.1    22:12     SSW
02    03.8    05.0   11:24    02.9   18:23     14.2     00.0    00.4   00.3     11.1    13:20     SSW
03    03.8    04.9   13:49    02.8   04:29     14.2     00.0    00.0   04.5     37.0    00:00      N 
04    03.2    04.0   00:01    02.6   16:44     14.8     00.0    00.6   11.2     38.9    09:35      N 
05    03.1    03.5   22:53    02.6   02:23     14.9     00.0    00.4   07.0     29.6    01:21      N 
06    02.5    03.4   13:49    01.5   00:00     15.5     00.0    00.4   01.9     29.6    02:25     NNW
07    02.7    04.6   13:52    01.2   03:37     15.3     00.0    03.6   01.9     29.6    15:41     WSW
08    02.2    04.7   14:28   -00.1   00:00     15.8     00.0    00.6   00.0     07.4    14:07     WSW
09    01.9    06.5   13:41   -00.9   04:29     16.1     00.0    00.4   00.4     16.6    16:55     WSW
10    03.1    04.8   22:48    00.4   00:33     14.9     00.0    00.2   00.9     16.6    16:13     WSW
11    05.8    07.4   00:00    03.9   00:23     12.2     00.0    03.8   07.7     37.0    20:50     WSW
12    05.5    08.1   04:19    02.2   23:07     12.5     00.0    09.4   05.0     35.1    14:30     WSW
13    04.4    07.7   12:41    02.4   02:02     13.6     00.0    01.4   04.2     40.7    12:52     WSW
14    02.2    03.6   12:26    00.4   07:37     15.8     00.0    00.0   02.2     20.4    19:51     NNE
15    02.0    03.1   15:50    01.2   00:01     16.0     00.0    00.0   00.5     20.4    01:06      N 
16    01.5    02.8   11:23   -00.2   19:18     16.5     00.0    00.0   08.5     42.5    18:23     SSE
17    03.6    07.2   12:56    00.5   00:24     14.4     00.0    02.4   03.2     25.9    00:51      S 
18    04.9    07.0   13:57    02.5   01:57     13.1     00.0    00.2   03.0     27.8    15:47     WSW
19    07.3    09.8   16:01    04.5   05:20     10.7     00.0    15.4   12.9     50.0    20:54     SSW
20    07.7    09.1   23:06    06.7   04:02     10.3     00.0    00.4   19.9     42.5    22:55     SSE
21    07.1    09.8   04:15    04.0   00:00     10.9     00.0    06.8   18.7     64.8    06:14      S 
22    05.1    08.1   12:53    03.3   00:00     12.9     00.0    01.8   04.7     35.1    13:33      SW
23    03.7    06.4   14:28    00.9   00:00     14.3     00.0    00.4   06.4     35.1    07:05      S 
24    02.3    06.3   14:08    00.2   01:44     15.7     00.0    00.4   00.3     16.6    06:15     WSW
25    02.1    06.9   14:16   -02.2   07:12     15.9     00.0    03.2   02.4     53.6    23:44     WSW
26    04.5    07.5   13:50    02.8   09:13     13.5     00.0    01.6   04.8     50.0    02:25      SW
--------------------------------------------------------------------------------------------------------
03.8 (4.0)   09.8  day 19    -02.2  day 25   368.0    000.0   054.0   05.1     64.8   day 21     SSW
Min <=   30: 26
Max Rain: 15.4 ON 19-01-21
Days of Rain: 22 (> .2mm) 7 (> 2mm) 0 (> 20mm)