MONTHLY CLIMATOLOGICAL SUMMARY for SEP. 2018

NAME: Venhuizerweer   CITY: Venhuizen STATE: Nederland
ELEV: -2 LAT: 052:39:56 LONG: -005:12:41

                            TEMPERATURE ( C), RAIN (mm), WIND SPEED (kmh)

                                               HEAT     COOL           AVG
      MEAN                                     DEG      DEG            WIND                       DOM
DAY   TEMP    HIGH   TIME     LOW    TIME      DAYS     DAYS    RAIN   SPEED    HIGH    TIME      DIR
--------------------------------------------------------------------------------------------------------
01    15.4    19.6   14:25    09.6   07:10     02.6     00.0    00.0   01.2     14.8    22:37     ENE
02    17.6    21.8   16:48    13.9   06:14     00.4     00.0    00.0   02.9     18.5    17:12     NNE
03    18.7    22.2   16:03    15.5   02:28     00.0     00.7    00.0   02.3     18.5    18:12      NW
04    20.7    24.3   15:07    18.2   00:00     00.0     02.7    00.0   01.8     18.5    16:09     WNW
05    18.4    20.1   17:48    16.8   07:02     00.0     00.4    01.6   00.8     14.8    22:20      NW
06    17.3    18.7   10:51    14.5   00:00     00.7     00.0    04.4   01.2     24.1    18:03      W 
07    14.9    17.9   14:04    12.2   20:49     03.1     00.0    17.4   03.3     37.0    17:32     WSW
08    15.8    18.7   12:40    13.0   00:01     02.2     00.0    00.0   04.2     29.6    17:33      SW
09    18.1    22.3   15:27    15.3   05:53     00.0     00.1    00.0   04.9     27.8    12:19      S 
10    17.6    19.1   13:15    15.7   07:50     00.4     00.0    00.0   01.5     25.9    15:41      SW
11    18.3    20.8   15:49    15.9   05:25     00.0     00.3    00.6   08.0     51.8    14:29      SW
12    14.9    17.3   00:02    12.1   00:00     03.1     00.0    07.2   01.3     24.1    09:28     WSW
13    14.1    19.7   15:47    09.5   07:50     03.9     00.0    00.0   01.0     18.5    17:11     WSW
14    14.4    18.6   15:55    09.5   02:34     03.6     00.0    00.4   02.4     31.4    17:33     SSW
15    16.1    20.1   13:24    12.8   23:12     01.9     00.0    00.8   01.6     25.9    14:29     WSW
16    17.1    21.2   16:23    13.0   00:06     00.9     00.0    00.0   05.5     29.6    12:49     SSE
17    17.8    21.9   17:34    14.8   07:34     00.2     00.0    00.0   03.3     29.6    16:01     SSE
18    19.1    23.7   15:25    16.2   01:49     00.0     01.1    00.0   09.1     50.0    19:12     SSW
19    19.4    23.2   15:05    16.3   05:42     00.0     01.4    00.0   10.6     42.5    19:51     SSW
20    19.3    21.7   15:09    17.2   07:55     00.0     01.3    00.0   07.0     37.0    11:55     SSW
21    16.1    19.9   00:52    11.0   18:17     01.9     00.0    13.0   12.9     61.0    07:36     SSW
--------------------------------------------------------------------------------------------------------
17.2 (17.3)   24.3  day 04     09.5  day 14   025.0    008.0   045.4   04.1     61.1   day 21      SW
Min <=   30: 21
Max Rain: 17.4 ON 7-09-18
Days of Rain: 8 (> .2mm) 4 (> 2mm) 0 (> 20mm)