MONTHLY CLIMATOLOGICAL SUMMARY for MAY. 2018

NAME: Venhuizerweer   CITY: Venhuizen STATE: Nederland
ELEV: -2 LAT: 052:39:56 LONG: -005:12:41

                            TEMPERATURE ( C), RAIN (mm), WIND SPEED (kmh)

                                               HEAT     COOL           AVG
      MEAN                                     DEG      DEG            WIND                       DOM
DAY   TEMP    HIGH   TIME     LOW    TIME      DAYS     DAYS    RAIN   SPEED    HIGH    TIME      DIR
----------------------------------------------------------------------------------------------------------------------------------------------------------
01    09.0    12.9   16:43    06.4   09:01     09.0     00.0    00.0   07.7     44.4    06:40     NNW
02    12.3    16.9   16:03    07.7   00:10     05.7     00.0    00.0   10.3     35.1    13:26      S 
03    11.9    17.2   12:34    06.8   06:45     06.1     00.0    00.0   02.6     25.9    14:52     WNW
04    12.9    17.7   15:54    06.8   06:42     05.1     00.0    00.0   01.1     16.6    17:14      N 
05    15.6    21.1   15:19    09.7   05:00     02.4     00.0    00.0   02.6     22.2    21:46      NE
06    18.2    24.3   16:47    12.2   06:28     00.0     00.2    00.0   02.1     16.6    15:53     ENE
07    19.7    25.3   15:47    13.9   06:52     00.0     01.7    00.0   01.8     16.6    14:09     ENE
08    21.1    27.3   17:09    14.9   07:00     00.0     03.1    00.0   01.1     16.6    08:06      E 
09    19.7    28.3   13:12    13.7   00:00     00.0     01.7    00.0   01.8     24.1    17:49      NW
10    13.4    17.5   13:43    09.2   00:00     04.6     00.0    00.0   03.3     33.3    17:47      W 
11    13.6    18.2   16:52    06.9   06:34     04.4     00.0    00.0   01.2     14.8    23:33      NE
12    18.8    24.4   15:02    14.0   06:13     00.0     00.8    00.0   01.2     16.6    04:12      E 
13    15.1    18.9   00:08    11.5   23:11     02.9     00.0    00.0   03.6     25.9    22:54     WNW
14    19.1    26.6   16:28    11.6   00:22     00.0     01.1    00.0   06.4     27.8    18:52      N 
15    20.1    25.9   14:20    15.4   00:00     00.0     02.1    00.0   04.8     27.8    18:53      N 
16    15.7    20.0   12:52    11.2   00:00     02.3     00.0    00.0   10.3     50.0    20:15     NNW
17    12.2    15.9   13:21    10.0   00:00     05.8     00.0    00.0   09.0     40.7    14:35      NW
18    11.7    15.4   14:49    09.6   05:53     06.3     00.0    00.0   04.5     27.8    15:44      W 
19    12.6    15.6   13:32    09.9   06:13     05.4     00.0    00.0   00.7     14.8    01:23      W 
20    16.4    22.3   16:16    08.6   06:24     01.6     00.0    00.0   02.0     20.4    19:20     NNW
21    20.1    25.2   16:13    14.9   05:40     00.0     02.1    00.0   04.0     24.1    15:12     ENE
22    20.1    25.6   13:51    15.8   06:33     00.0     02.1    00.0   05.1     31.4    19:29     NNE
23    19.6    25.1   15:53    14.8   04:33     00.0     01.6    00.0   04.5     33.3    20:38     NNE
24    20.2    25.2   14:29    16.1   06:23     00.0     02.2    00.0   05.4     27.8    13:16     ENE
25    20.7    24.3   19:09    18.0   05:06     00.0     02.7    00.0   02.2     16.6    13:55     ENE
26    22.5    28.0   16:37    17.9   06:43     00.0     04.5    00.0   05.0     25.9    11:42      NE
----------------------------------------------------------------------------------------------------------------------------------------------------------
16.6 (16.8)   28.3  day 09     06.4  day 01   061.7    025.9   015.8   04.0     50.0   day 16     N
Min <=   30: 26
Max Rain: 0.0 ON 0-05-18
Days of Rain: 0 (> .2mm) 0 (> 2mm) 0 (> 20mm)