MONTHLY CLIMATOLOGICAL SUMMARY for JAN. 2019

NAME: Venhuizerweer   CITY: Venhuizen STATE: Nederland
ELEV: -2 LAT: 052:39:56 LONG: -005:12:41

                            TEMPERATURE ( C), RAIN (mm), WIND SPEED (kmh)

                                               HEAT     COOL           AVG
      MEAN                                     DEG      DEG            WIND                       DOM
DAY   TEMP    HIGH   TIME     LOW    TIME      DAYS     DAYS    RAIN   SPEED    HIGH    TIME      DIR
--------------------------------------------------------------------------------------------------------
01    08.0    09.3   06:08    05.9   18:05     10.0     00.0    01.0   10.8     57.4    21:16     WSW
02    05.8    06.8   11:37    04.2   00:00     12.2     00.0    00.8   08.8     42.5    05:15      W 
03    04.5    06.9   13:27    03.1   06:13     13.5     00.0    00.4   02.0     25.9    12:38     WSW
04    05.3    06.8   00:00    03.4   06:15     12.7     00.0    00.2   03.8     27.8    10:43     WSW
05    07.6    08.3   13:59    06.6   23:40     10.4     00.0    00.8   10.0     38.9    11:29     WSW
06    06.6    08.5   12:19    03.4   00:00     11.4     00.0    00.2   02.2     18.5    12:59     WSW
07    07.3    09.9   22:04    03.1   00:54     10.7     00.0    02.4   06.9     50.0    22:40     WSW
08    07.4    08.7   12:18    05.5   21:25     10.6     00.0    02.4   19.3     72.2    17:04     WSW
09    05.5    07.2   13:00    04.0   00:00     12.5     00.0    00.4   11.7     40.7    01:18     WNW
10    04.1    05.7   00:00    02.8   09:15     13.9     00.0    01.4   01.3     14.8    13:10     WNW
11    07.4    08.8   14:05    05.5   00:01     10.6     00.0    02.0   06.7     35.1    14:07     WSW
12    07.8    08.8   14:48    06.7   04:54     10.2     00.0    02.6   06.8     40.7    15:12     WSW
13    08.9    10.1   14:50    07.7   23:34     09.1     00.0    08.2   12.1     55.5    15:18     WSW
14    05.4    07.8   01:03    02.3   23:59     12.6     00.0    00.8   07.2     40.7    11:20     WSW
15    06.9    08.9   14:36    02.4   00:07     11.1     00.0    00.0   06.2     33.3    16:11     WSW
16    07.0    08.4   05:22    04.8   00:00     11.0     00.0    04.6   11.6     42.5    21:06      SW
17    04.1    06.2   14:10    01.8   23:36     13.9     00.0    02.6   06.7     48.1    21:01     WSW
18    02.6    05.9   13:56   -00.3   05:31     15.4     00.0    00.2   03.4     20.4    11:31      S 
--------------------------------------------------------------------------------------------------------
06.2 (6.0)   10.1  day 13    -00.3  day 18   211.6    000.0   031.0   07.6     72.2   day 08     WSW
Min <=   30: 18
Max Rain: 8.2 ON 13-01-19
Days of Rain: 17 (> .2mm) 6 (> 2mm) 0 (> 20mm)