MONTHLY CLIMATOLOGICAL SUMMARY for SEP. 2019

NAME: Venhuizerweer   CITY: Venhuizen STATE: Nederland
ELEV: -2 LAT: 052:39:56 LONG: -005:12:41

                            TEMPERATURE ( C), RAIN (mm), WIND SPEED (kmh)

                                               HEAT     COOL           AVG
      MEAN                                     DEG      DEG            WIND                       DOM
DAY   TEMP    HIGH   TIME     LOW    TIME      DAYS     DAYS    RAIN   SPEED    HIGH    TIME      DIR
--------------------------------------------------------------------------------------------------------
01    17.2    21.3   15:11    12.9   22:08     00.8     00.0    04.6   02.1     29.6    11:54     WSW
02    16.4    20.8   15:53    11.2   07:45     01.6     00.0    00.0   02.3     25.9    17:48     WSW
03    18.0    20.4   14:49    15.8   23:26     00.0     00.0    00.0   02.4     31.4    15:07      SW
04    16.1    17.3   17:40    13.4   21:49     01.9     00.0    03.8   06.4     35.1    18:27     SSW
05    14.6    17.6   12:06    11.0   23:59     03.4     00.0    03.6   06.7     40.7    16:33     WSW
06    14.8    18.2   14:18    11.1   00:02     03.2     00.0    08.4   05.4     53.6    15:32      SW
07    14.2    17.6   13:23    11.9   03:59     03.8     00.0    08.2   02.5     37.0    23:00      W 
08    14.4    18.6   15:22    10.8   07:30     03.6     00.0    00.8   02.7     24.1    16:46      W 
09    14.5    19.6   13:36    10.5   05:40     03.5     00.0    00.0   00.1     14.8    14:35      SW
10    14.5    18.6   18:15    09.9   04:37     03.5     00.0    00.8   00.0     01.9    13:19      SW
11    15.8    17.7   22:29    14.6   00:38     02.2     00.0    08.8   04.9     35.1    13:03     SSW
12    18.0    22.5   15:41    13.9   04:57     00.0     00.0    00.2   03.3     27.8    22:13     WSW
13    17.9    20.3   12:05    13.6   00:00     00.1     00.0    00.0   03.5     29.6    06:43     WNW
14    15.2    19.8   15:33    10.6   07:45     02.8     00.0    00.0   00.8     14.8    13:53     ESE
15    17.0    21.7   12:33    13.9   02:11     01.0     00.0    00.0   02.4     29.6    12:15     WSW
16    14.0    16.2   14:09    10.7   00:00     04.0     00.0    07.6   00.2     14.8    16:02     WSW
17    13.0    17.1   11:25    10.1   03:11     05.0     00.0    00.2   04.4     38.9    16:10     WSW
18    13.2    17.1   11:39    09.7   07:40     04.8     00.0    00.0   02.3     24.1    16:48      W 
19    13.5    16.8   14:29    11.1   07:45     04.5     00.0    00.2   00.2     11.1    15:45     WSW
20    13.4    17.7   15:12    08.3   06:10     04.6     00.0    00.0   01.4     16.6    21:33     ESE
--------------------------------------------------------------------------------------------------------
15.3 (15.3)   22.5  day 12     08.3  day 20   054.4    000.0   047.2   02.7     53.7   day 17     WSW
Min <=   30: 20
Max Rain: 8.8 ON 11-09-19
Days of Rain: 12 (> .2mm) 7 (> 2mm) 0 (> 20mm)