MONTHLY CLIMATOLOGICAL SUMMARY for MAY. 2020

NAME: Venhuizerweer   CITY: Venhuizen STATE: Nederland
ELEV: -2 LAT: 052:39:56 LONG: -005:12:41

                            TEMPERATURE ( C), RAIN (mm), WIND SPEED (kmh)

                                               HEAT     COOL           AVG
      MEAN                                     DEG      DEG            WIND                       DOM
DAY   TEMP    HIGH   TIME     LOW    TIME      DAYS     DAYS    RAIN   SPEED    HIGH    TIME      DIR
--------------------------------------------------------------------------------------------------------
01    10.6    13.7   16:41    08.8   12:28     07.4     00.0    07.2   07.3     37.0    08:49      SW
02    10.8    14.4   16:01    08.4   02:02     07.2     00.0    03.8   04.5     38.9    11:32     WSW
03    11.1    15.1   13:39    05.8   06:51     06.9     00.0    00.0   02.1     24.1    13:16      E 
04    11.2    14.6   14:21    07.9   00:00     06.8     00.0    00.0   07.8     33.3    17:45     NNW
05    10.1    13.9   15:52    06.4   05:59     07.9     00.0    00.0   07.3     29.6    16:17     NNW
06    11.2    15.9   14:47    06.5   06:29     06.8     00.0    00.0   03.4     24.1    16:31     NNW
07    11.6    16.4   17:20    04.7   06:53     06.4     00.0    00.0   01.3     18.5    15:07     NNE
08    15.0    22.2   15:35    07.3   06:13     03.0     00.0    00.0   01.6     14.8    18:52      E 
09    17.7    24.1   14:45    10.8   06:14     00.3     00.0    00.0   03.2     27.8    20:10      N 
10    13.3    19.1   11:55    07.9   23:30     04.7     00.0    00.0   10.9     53.6    20:33     NNW
11    09.0    12.0   13:34    06.4   23:02     09.0     00.0    00.0   16.5     51.8    09:11     NNW
12    09.0    13.8   15:00    03.8   06:35     09.0     00.0    00.4   03.2     35.1    17:12     WSW
13    08.1    11.6   14:10    04.9   04:44     09.9     00.0    01.0   08.0     37.0    15:59      NW
14    09.1    13.1   14:12    05.8   05:09     08.9     00.0    00.0   06.7     37.0    14:37     NNW
15    10.1    15.6   15:22    02.7   06:43     07.9     00.0    00.0   02.3     27.8    15:43      W 
16    12.4    17.2   11:55    08.4   03:07     05.6     00.0    00.0   04.3     35.1    15:45     WSW
17    13.9    19.7   16:00    06.8   04:14     04.1     00.0    00.0   02.7     29.6    17:37     WSW
18    15.5    20.5   13:05    11.4   05:54     02.5     00.0    00.0   03.8     33.3    14:52     WSW
19    16.5    22.8   12:46    11.3   06:40     01.5     00.0    00.0   01.7     29.6    18:01     WSW
20    17.0    21.4   16:27    11.6   05:46     01.0     00.0    00.0   01.6     18.5    14:49     ENE
21    20.2    25.2   17:39    14.4   06:06     00.0     02.2    00.0   01.4     14.8    15:08     ENE
22    19.2    23.8   13:19    14.6   00:00     00.0     01.2    00.0   09.3     42.5    16:47     SSW
23    15.8    19.0   13:25    13.4   06:09     02.2     00.0    00.0   09.7     46.3    16:31     WSW
24    13.8    16.4   16:32    11.7   06:12     04.2     00.0    04.0   06.2     40.7    15:36     WSW
25    15.7    19.8   13:05    12.5   07:34     02.3     00.0    00.0   04.5     25.9    16:19     WNW
26    16.4    21.9   15:44    10.2   04:51     01.6     00.0    00.0   02.0     16.6    14:38      E 
27    15.8    20.2   13:06    12.7   03:30     02.2     00.0    00.0   06.9     31.4    18:34     NNW
--------------------------------------------------------------------------------------------------------
13.3 (13.3)   25.2  day 21     02.7  day 15   129.2    003.4   016.4   05.2     53.7   day 11     WNW
Min <=   30: 27
Max Rain: 7.2 ON 1-05-20
Days of Rain: 5 (> .2mm) 3 (> 2mm) 0 (> 20mm)