MONTHLY CLIMATOLOGICAL SUMMARY for JUL. 2018

NAME: Venhuizerweer   CITY: Venhuizen STATE: Nederland
ELEV: -2 LAT: 052:39:56 LONG: -005:12:41

                            TEMPERATURE ( C), RAIN (mm), WIND SPEED (kmh)

                                               HEAT     COOL           AVG
      MEAN                                     DEG      DEG            WIND                       DOM
DAY   TEMP    HIGH   TIME     LOW    TIME      DAYS     DAYS    RAIN   SPEED    HIGH    TIME      DIR
--------------------------------------------------------------------------------------------------------
01    21.9    25.9   16:31    17.4   06:18     00.0     03.9    00.0   06.3     31.4    12:24      E 
02    21.2    26.0   16:20    16.2   06:50     00.0     03.2    00.0   06.4     46.3    19:34      NE
03    19.5    24.2   14:13    14.9   00:00     00.0     01.5    00.0   06.4     27.8    19:32      N 
04    18.8    24.3   13:40    13.7   05:47     00.0     00.8    00.0   03.3     18.5    17:41      N 
05    18.7    23.1   14:13    13.9   05:48     00.0     00.7    00.0   02.0     20.4    13:39      NW
06    19.7    24.7   14:30    15.9   00:21     00.0     01.7    00.0   03.3     20.4    09:40      NW
07    19.2    24.9   14:02    13.8   05:58     00.0     01.2    00.0   02.5     25.9    17:49      N 
08    19.4    25.3   11:30    13.6   06:12     00.0     01.4    00.0   03.0     31.4    14:26     NNW
09    16.6    21.2   12:21    13.5   00:00     01.4     00.0    00.0   04.1     29.6    22:10     WNW
10    15.9    20.2   17:05    13.2   01:57     02.1     00.0    00.2   08.7     44.4    12:47      NW
11    17.5    22.6   11:39    11.9   03:23     00.5     00.0    00.0   04.9     35.1    16:12      NW
12    18.2    23.8   19:51    13.7   00:00     00.0     00.2    00.0   04.3     31.4    09:51     WNW
13    17.1    24.7   14:43    10.7   05:09     00.9     00.0    00.0   03.1     25.9    18:33     WNW
14    18.4    22.8   16:15    12.8   05:44     00.0     00.4    00.0   02.3     20.4    20:01     NNW
15    21.0    26.1   17:18    16.2   06:40     00.0     03.0    00.0   01.9     18.5    14:29     NNE
--------------------------------------------------------------------------------------------------------
18.9 (19.0)   26.1  day 15     10.7  day 13   005.0    017.9   000.2   04.2     46.3   day 02     NNW
Min <=   30: 15
Max Rain: 0.2 ON 10-07-18
Days of Rain: 1 (> .2mm) 0 (> 2mm) 0 (> 20mm)