MONTHLY CLIMATOLOGICAL SUMMARY for OCT. 2020

NAME: Venhuizerweer   CITY: Venhuizen STATE: Nederland
ELEV: -2 LAT: 052:39:56 LONG: -005:12:41

                            TEMPERATURE ( C), RAIN (mm), WIND SPEED (kmh)

                                               HEAT     COOL           AVG
      MEAN                                     DEG      DEG            WIND                       DOM
DAY   TEMP    HIGH   TIME     LOW    TIME      DAYS     DAYS    RAIN   SPEED    HIGH    TIME      DIR
--------------------------------------------------------------------------------------------------------
01    14.5    16.0   00:15    12.6   23:57     03.5     00.0    03.2   10.5     44.4    17:50      SE
02    13.6    16.3   15:43    10.8   05:21     04.4     00.0    00.0   06.8     29.6    23:42      NE
03    13.7    15.3   14:50    11.4   00:00     04.3     00.0    06.0   08.3     31.4    05:27      E 
04    12.5    14.6   16:52    11.3   07:31     05.5     00.0    00.6   18.6     48.1    23:30      SE
05    12.2    13.3   18:41    11.3   10:04     05.8     00.0    17.8   18.8     53.6    06:30      SE
06    13.0    15.4   14:44    11.2   23:16     05.0     00.0    17.4   08.7     40.7    12:13      S 
07    12.7    16.0   14:48    10.4   07:48     05.3     00.0    03.6   02.1     33.3    15:42     WSW
08    13.3    16.5   17:23    11.5   07:54     04.7     00.0    12.0   10.3     46.3    13:44     SSW
09    11.9    15.4   15:31    09.4   05:23     06.1     00.0    03.8   01.9     24.1    22:27      SW
10    09.2    13.4   13:18    06.1   23:08     08.8     00.0    07.6   01.6     37.0    13:47     WSW
11    10.2    14.4   13:22    06.7   00:39     07.8     00.0    02.0   02.7     29.6    17:24     WSW
12    10.9    15.2   14:43    08.0   05:16     07.1     00.0    00.2   01.7     24.1    23:58     SSW
13    11.2    13.5   14:29    09.7   08:44     06.8     00.0    00.0   08.0     27.8    08:05     ESE
14    10.7    13.1   14:36    09.2   06:02     07.3     00.0    00.0   07.0     37.0    13:12      N 
15    10.5    12.3   14:44    08.8   23:45     07.5     00.0    00.0   06.2     29.6    07:40     NNW
16    10.0    13.1   13:38    08.1   21:51     08.0     00.0    00.0   01.2     16.6    14:31     NNW
17    10.0    12.9   13:03    08.4   01:24     08.0     00.0    00.4   00.4     12.9    13:37      SW
18    10.3    13.6   14:12    07.8   04:02     07.7     00.0    00.2   01.0     20.4    15:30      SW
19    09.9    11.5   17:18    08.4   05:35     08.1     00.0    00.2   03.8     25.9    22:59     SSE
20    11.1    13.2   20:33    08.5   06:21     06.9     00.0    00.2   11.1     31.4    18:00      SE
21    14.3    18.3   17:46    12.3   10:48     03.7     00.0    11.2   13.7     61.0    21:06     SSE
22    14.0    16.0   14:45    12.7   09:09     04.0     00.0    00.0   07.1     27.8    19:07     SSW
23    12.8    16.0   15:32    10.2   07:51     05.2     00.0    00.4   04.1     29.6    16:07      S 
24    13.2    15.1   13:56    10.7   07:11     04.8     00.0    00.4   12.4     46.3    22:39     SSE
25    12.5    15.2   01:28    10.2   16:46     05.5     00.0    08.4   15.0     48.1    01:49     SSE
26    10.8    12.8   14:13    09.3   07:31     07.2     00.0    03.2   13.1     42.5    18:07     SSE
27    10.2    11.6   00:00    08.9   10:21     07.8     00.0    09.4   16.8     48.1    19:50     SSE
28    10.9    13.8   12:32    09.8   18:52     07.1     00.0    01.6   10.1     37.0    16:47      S 
--------------------------------------------------------------------------------------------------------
11.8 (12.1)   18.3  day 21     06.1  day 10   173.9    000.0   110.4   08.0     61.1   day 05     SSE
Min <=   30: 28
Max Rain: 17.8 ON 5-10-20
Days of Rain: 22 (> .2mm) 12 (> 2mm) 0 (> 20mm)