MONTHLY CLIMATOLOGICAL SUMMARY for JUL. 2019

NAME: Venhuizerweer   CITY: Venhuizen STATE: Nederland
ELEV: -2 LAT: 052:39:56 LONG: -005:12:41

                            TEMPERATURE ( C), RAIN (mm), WIND SPEED (kmh)

                                               HEAT     COOL           AVG
      MEAN                                     DEG      DEG            WIND                       DOM
DAY   TEMP    HIGH   TIME     LOW    TIME      DAYS     DAYS    RAIN   SPEED    HIGH    TIME      DIR
--------------------------------------------------------------------------------------------------------
01    18.9    22.3   10:34    16.3   00:00     00.0     00.9    00.0   05.5     37.0    18:31     WSW
02    18.1    22.1   16:08    13.7   00:00     00.0     00.1    00.0   04.1     27.8    17:50     WSW
03    16.0    20.3   14:16    12.0   05:34     02.0     00.0    00.0   05.4     31.4    16:27     WNW
04    17.8    24.0   15:58    10.9   06:09     00.2     00.0    00.0   01.8     24.1    19:39     WSW
05    19.4    24.3   13:37    15.7   00:00     00.0     01.4    00.0   04.3     29.6    14:35      W 
06    17.2    21.7   11:10    13.3   00:00     00.8     00.0    02.0   04.0     33.3    11:05     WSW
07    15.0    18.6   13:50    11.9   03:10     03.0     00.0    00.0   04.7     25.9    18:43     WSW
08    14.7    18.2   11:55    12.2   06:00     03.3     00.0    00.6   06.4     37.0    14:59     WSW
09    15.9    20.3   13:53    10.2   06:01     02.1     00.0    00.0   04.1     29.6    13:20     WNW
10    15.2    16.8   12:37    12.9   01:35     02.8     00.0    05.8   03.5     20.4    15:30      S 
11    18.3    22.5   17:23    16.2   08:26     00.0     00.3    19.0   03.7     20.4    19:24      S 
12    17.6    21.8   10:59    15.4   01:37     00.4     00.0    36.8   02.4     27.8    18:21     WSW
13    16.8    20.1   09:40    14.9   03:04     01.2     00.0    01.6   04.8     31.4    20:21      W 
14    15.8    18.7   15:13    13.8   06:47     02.2     00.0    01.4   05.9     27.8    14:38      W 
15    15.5    17.5   17:15    13.8   05:16     02.5     00.0    00.0   04.2     27.8    15:33     WSW
16    16.3    19.3   18:21    14.2   00:00     01.7     00.0    00.0   01.6     16.6    14:06      W 
--------------------------------------------------------------------------------------------------------
16.8 (17.1)   24.3  day 05     10.2  day 09   022.2    002.8   067.2   04.2     37.0   day 01     WSW
Min <=   30: 16
Max Rain: 36.8 ON 12-07-19
Days of Rain: 7 (> .2mm) 3 (> 2mm) 1 (> 20mm)