MONTHLY CLIMATOLOGICAL SUMMARY for NOV. 2019

NAME: Venhuizerweer   CITY: Venhuizen STATE: Nederland
ELEV: -2 LAT: 052:39:56 LONG: -005:12:41

                            TEMPERATURE ( C), RAIN (mm), WIND SPEED (kmh)

                                               HEAT     COOL           AVG
      MEAN                                     DEG      DEG            WIND                       DOM
DAY   TEMP    HIGH   TIME     LOW    TIME      DAYS     DAYS    RAIN   SPEED    HIGH    TIME      DIR
--------------------------------------------------------------------------------------------------------
01    07.4    12.1   00:00    04.4   04:04     10.6     00.0    01.6   09.5     27.8    22:07      SE
02    12.2    13.3   06:37    10.7   11:44     05.8     00.0    03.2   15.0     48.1    20:09     SSE
03    10.8    12.0   14:38    08.9   00:00     07.2     00.0    02.6   07.2     35.1    02:46      SE
04    10.2    11.4   14:22    08.9   00:33     07.8     00.0    00.8   04.9     24.1    11:53      SE
05    10.1    11.6   13:27    09.0   00:00     07.9     00.0    02.6   00.9     18.5    21:40      SE
06    08.2    11.3   12:31    04.2   20:17     09.8     00.0    00.4   00.9     20.4    03:06      W 
07    08.2    09.3   13:36    07.2   00:00     09.8     00.0    05.4   07.2     35.1    21:03      SE
08    07.5    09.7   14:17    05.8   07:07     10.5     00.0    00.0   09.3     31.4    00:10     SSE
09    07.4    08.9   13:27    06.2   00:00     10.6     00.0    12.2   11.8     51.8    10:23      S 
10    06.4    09.5   14:17    04.0   07:41     11.6     00.0    00.0   01.6     20.4    11:54     SSW
11    06.3    08.0   14:17    04.4   06:22     11.7     00.0    07.4   15.2     53.6    15:27     SSE
12    05.9    06.7   17:45    04.8   08:42     12.1     00.0    11.2   18.4     50.0    23:33     SSE
13    06.8    09.4   13:02    05.7   22:51     11.2     00.0    04.4   09.4     55.5    00:21     SSE
14    06.2    07.5   14:56    04.9   08:14     11.8     00.0    00.0   07.0     27.8    13:10     ESE
15    05.2    06.1   00:05    04.3   06:31     12.8     00.0    00.0   07.4     33.3    11:28     NNE
16    05.6    07.0   13:56    04.4   06:45     12.4     00.0    00.0   04.4     29.6    22:36     SSE
17    05.7    08.8   13:16    04.1   07:30     12.3     00.0    00.0   03.4     24.1    04:21     SSE
--------------------------------------------------------------------------------------------------------
07.7 (7.8)   13.3  day 02     04.0  day 10   175.9    000.0   051.8   07.9     55.5   day 11     SSE
Min <=   30: 17
Max Rain: 12.2 ON 9-11-19
Days of Rain: 11 (> .2mm) 8 (> 2mm) 0 (> 20mm)