MONTHLY CLIMATOLOGICAL SUMMARY for OCT. 2021

NAME: Venhuizerweer   CITY: Venhuizen STATE: Nederland
ELEV: -2 LAT: 052:39:56 LONG: -005:12:41

                            TEMPERATURE ( C), RAIN (mm), WIND SPEED (kmh)

                                               HEAT     COOL           AVG
      MEAN                                     DEG      DEG            WIND                       DOM
DAY   TEMP    HIGH   TIME     LOW    TIME      DAYS     DAYS    RAIN   SPEED    HIGH    TIME      DIR
--------------------------------------------------------------------------------------------------------
01    13.8    14.8   12:41    13.0   14:20     04.2     00.0    11.6   17.3     50.0    10:46     SSE
02    13.7    15.6   00:00    11.1   07:44     04.3     00.0    11.2   10.2     62.9    22:29      SE
03    13.9    16.6   02:07    12.5   15:43     04.1     00.0    08.4   08.4     50.0    01:09     SSE
04    14.1    16.9   14:33    12.2   08:52     03.9     00.0    00.0   13.4     44.4    12:50     SSE
05    13.6    17.2   13:15    12.0   23:35     04.4     00.0    03.8   13.7     44.4    13:01      SE
06    12.7    16.2   14:14    09.8   00:00     05.3     00.0    10.6   05.7     37.0    07:29     SSW
07    12.0    17.0   14:45    07.8   05:59     06.0     00.0    00.4   01.4     14.8    19:40     SSE
08    12.0    16.3   16:12    09.2   07:58     06.0     00.0    00.0   00.6     14.8    14:07      E 
09    12.2    14.6   16:02    10.2   23:29     05.8     00.0    00.2   01.2     20.4    12:12      NE
10    11.7    17.6   13:21    05.6   07:18     06.3     00.0    00.4   01.0     25.9    22:02     WNW
11    12.2    16.3   11:56    08.8   05:25     05.8     00.0    00.6   02.5     31.4    16:12     WSW
12    11.8    14.8   14:51    09.1   00:00     06.2     00.0    07.4   03.5     33.3    15:04      W 
13    11.8    14.8   13:03    08.4   05:33     06.2     00.0    00.6   02.0     29.6    13:30      W 
14    14.1    16.2   15:18    12.6   09:03     03.9     00.0    00.8   03.1     31.4    15:18     WSW
15    12.8    15.2   02:00    08.1   23:59     05.2     00.0    03.2   04.9     40.7    07:09     WSW
16    11.1    14.8   15:06    07.6   02:54     06.9     00.0    00.0   02.0     25.9    19:57      SW
17    12.5    14.6   15:27    10.4   06:29     05.5     00.0    00.0   05.7     25.9    17:03      S 
18    12.6    14.6   15:48    10.8   08:23     05.4     00.0    00.4   09.1     27.8    11:53     SSE
--------------------------------------------------------------------------------------------------------
12.7 (12.9)   17.6  day 10     05.6  day 10   095.4    000.0   059.6   05.9     62.9   day 02     SSE
Min <=   30: 18
Max Rain: 11.6 ON 1-10-21
Days of Rain: 14 (> .2mm) 7 (> 2mm) 0 (> 20mm)