MONTHLY CLIMATOLOGICAL SUMMARY for JUL. 2021

NAME: Venhuizerweer   CITY: Venhuizen STATE: Nederland
ELEV: -2 LAT: 052:39:56 LONG: -005:12:41

                            TEMPERATURE ( C), RAIN (mm), WIND SPEED (kmh)

                                               HEAT     COOL           AVG
      MEAN                                     DEG      DEG            WIND                       DOM
DAY   TEMP    HIGH   TIME     LOW    TIME      DAYS     DAYS    RAIN   SPEED    HIGH    TIME      DIR
--------------------------------------------------------------------------------------------------------
01    16.4    19.8   13:19    13.9   03:42     01.6     00.0    00.2   03.1     27.8    14:27     WSW
02    18.2    23.1   17:38    15.4   07:24     00.0     00.2    00.0   01.1     18.5    15:19      SW
03    19.2    23.1   12:40    14.1   03:18     00.0     01.2    05.2   00.8     14.8    18:12     ESE
04    19.4    24.9   15:11    16.7   00:00     00.0     01.4    13.4   01.2     20.4    15:50      SW
05    17.3    21.2   13:41    15.5   08:22     00.7     00.0    00.0   04.5     27.8    10:05      SW
06    19.0    22.0   11:35    16.3   00:00     00.0     01.0    02.4   16.1     57.4    13:52      S 
07    19.0    23.3   15:47    15.6   04:35     00.0     01.0    00.0   05.6     31.4    09:03      S 
08    19.7    24.9   14:48    14.2   04:33     00.0     01.7    00.0   00.9     20.4    17:12      SW
09    18.7    23.5   13:13    13.2   06:07     00.0     00.7    00.0   01.1     20.4    13:25     WSW
10    18.2    21.8   16:44    14.2   05:23     00.0     00.2    00.0   00.5     12.9    16:01     WSW
11    19.1    23.2   15:13    15.6   05:01     00.0     01.1    00.0   00.7     18.5    19:17     NNE
12    20.6    25.2   14:46    15.8   06:10     00.0     02.6    00.0   02.1     25.9    17:33     NNW
13    19.8    21.7   16:11    18.7   05:39     00.0     01.8    00.0   04.7     29.6    23:07     WNW
14    19.4    22.3   17:15    17.6   06:57     00.0     01.4    00.2   09.1     40.7    20:11     WSW
15    18.6    20.5   17:35    17.6   00:00     00.0     00.6    00.6   11.7     42.5    18:03      NW
16    18.4    21.3   14:40    16.4   05:25     00.0     00.4    00.0   06.1     33.3    15:27     WNW
17    20.6    24.9   14:20    16.2   04:51     00.0     02.6    00.0   03.6     27.8    15:41     WNW
18    20.8    28.1   12:46    15.6   06:30     00.0     02.8    00.0   03.1     33.3    15:16      W 
19    18.7    22.6   15:09    15.6   04:04     00.0     00.7    00.0   02.2     25.9    17:33      NW
20    19.0    23.2   16:24    13.5   05:39     00.0     01.0    00.0   00.6     16.6    11:07     NNE
21    20.9    26.0   13:42    16.9   06:41     00.0     02.9    00.0   01.4     16.6    18:48      N 
22    18.9    22.6   14:22    15.9   05:55     00.0     00.9    00.0   02.4     24.1    11:56      NW
23    18.7    21.7   16:48    16.8   00:23     00.0     00.7    00.0   01.5     18.5    18:13     NNW
24    20.6    24.5   18:17    16.9   06:54     00.0     02.6    00.0   02.8     24.1    08:10     NNE
25    21.0    25.3   16:40    17.3   06:58     00.0     03.0    01.8   01.4     16.6    17:48      S 
26    21.1    25.5   15:43    18.5   06:26     00.0     03.1    00.2   02.2     27.8    16:05     SSE
27    19.0    22.8   16:10    16.6   04:30     00.0     01.0    03.6   03.0     31.4    19:16      S 
28    18.2    20.3   16:59    16.8   04:18     00.0     00.2    06.4   09.4     46.3    21:21      SW
29    17.8    21.1   15:09    13.3   03:50     00.2     00.0    03.0   08.0     42.5    15:52     WSW
--------------------------------------------------------------------------------------------------------
19.2 (19.5)   28.1  day 18     13.2  day 09   002.5    036.7   037.0   03.8     57.4   day 06     WSW
Min <=   30: 29
Max Rain: 13.4 ON 4-07-21
Days of Rain: 11 (> .2mm) 6 (> 2mm) 0 (> 20mm)