MONTHLY CLIMATOLOGICAL SUMMARY for APR. 2018

NAME: Venhuizerweer   CITY: Venhuizen STATE: Nederland
ELEV: -2 LAT: 052:39:56 LONG: -005:12:41

                            TEMPERATURE ( C), RAIN (mm), WIND SPEED (kmh)

                                               HEAT     COOL           AVG
      MEAN                                     DEG      DEG            WIND                       DOM
DAY   TEMP    HIGH   TIME     LOW    TIME      DAYS     DAYS    RAIN   SPEED    HIGH    TIME      DIR
----------------------------------------------------------------------------------------------------------------------------------------------------------
01    05.9    08.2   15:52    04.4   07:55     12.1     00.0    20.0   01.8     16.6    18:12     NNW
02    06.4    09.8   21:58    02.5   04:39     11.6     00.0    03.6   05.7     31.4    21:43      SE
03    11.2    15.5   15:13    08.6   01:28     06.8     00.0    05.6   10.5     29.6    19:23      S 
04    09.7    12.8   12:51    08.0   08:26     08.3     00.0    11.4   07.1     27.8    23:57      S 
05    07.0    09.1   04:09    03.5   00:00     11.0     00.0    01.4   10.8     55.5    10:48     WSW
06    08.6    14.0   16:29    03.3   02:34     09.4     00.0    00.0   06.4     31.4    16:06      SE
07    13.2    19.9   16:34    07.1   07:43     04.8     00.0    00.0   03.9     25.9    12:36     SSE
08    13.9    21.9   12:40    09.8   07:50     04.1     00.0    00.0   02.1     16.6    17:18     WNW
09    10.6    14.3   15:22    08.2   07:10     07.4     00.0    00.0   08.0     27.8    05:11      N 
10    14.3    19.6   16:24    09.4   00:01     03.7     00.0    00.0   04.6     24.1    01:14      NE
11    12.7    17.1   15:17    08.9   07:51     05.3     00.0    00.0   07.8     29.6    17:56      NE
12    10.6    13.3   17:45    07.8   06:24     07.4     00.0    00.0   06.4     31.4    08:53      NE
13    11.7    16.6   13:47    08.4   07:51     06.3     00.0    00.0   02.6     24.1    16:35     SSW
14    11.3    14.9   17:39    08.9   06:15     06.7     00.0    00.0   01.8     16.6    14:39      W 
15    11.9    15.7   15:17    09.3   01:48     06.1     00.0    07.2   00.4     09.3    13:03      SW
16    13.2    17.3   13:16    09.3   00:00     04.8     00.0    00.4   03.9     29.6    15:13     WSW
17    14.1    19.4   15:55    08.7   02:06     03.9     00.0    00.0   07.5     31.4    14:20      S 
18    17.7    25.0   15:32    10.9   03:25     00.3     00.0    00.0   02.0     16.6    14:14      S 
19    20.5    27.5   16:22    13.4   07:08     00.0     02.5    00.0   02.0     27.8    14:05     ESE
20    19.5    27.5   14:06    13.0   23:54     00.0     01.5    00.0   02.0     24.1    17:17     WSW
21    15.6    20.2   16:36    10.7   07:13     02.4     00.0    00.0   03.5     20.4    15:38      N 
22    17.9    26.1   16:43    12.2   07:04     00.1     00.0    00.0   02.8     27.8    17:16      S 
23    14.0    18.0   13:39    10.5   06:57     04.0     00.0    00.0   05.4     33.3    00:20      W 
24    12.9    16.4   15:30    10.9   00:47     05.1     00.0    03.6   07.6     37.0    02:11     WSW
25    11.7    14.1   15:33    09.2   23:44     06.3     00.0    02.6   08.3     50.0    04:03      W 
----------------------------------------------------------------------------------------------------------------------------------------------------------
12.6 (13.0)   27.5  day 19     02.5  day 02   138.0    004.0   055.8   05.0     55.5   day 05     SSW
Min <=   30: 25
Max Rain: 20.0 ON 1-04-18
Days of Rain: 9 (> .2mm) 7 (> 2mm) 0 (> 20mm)