MONTHLY CLIMATOLOGICAL SUMMARY for OCT. 2017

NAME: Venhuizerweer   CITY: Venhuizen STATE: Nederland
ELEV: -2 LAT: 052:39:56 LONG: -005:12:41

                            TEMPERATURE ( C), RAIN (mm), WIND SPEED (kmh)

                                               HEAT     COOL           AVG
      MEAN                                     DEG      DEG            WIND                       DOM
DAY   TEMP    HIGH   TIME     LOW    TIME      DAYS     DAYS    RAIN   SPEED    HIGH    TIME      DIR
----------------------------------------------------------------------------------------------------------------------------------------------------------
01    14.7    17.7   14:09    11.4   00:03     03.3     00.0    00.0   14.4     42.5    21:38      S 
02    15.8    18.7   12:09    14.2   00:00     02.2     00.0    00.8   11.2     46.3    01:28      SW
03    14.3    17.6   14:04    12.3   08:47     03.7     00.0    00.6   05.3     40.7    13:23      W 
04    13.7    15.3   12:22    11.9   07:43     04.3     00.0    00.2   06.4     33.3    14:27      W 
05    13.3    16.3   15:13    10.9   23:42     04.7     00.0    09.0   13.3     55.5    13:34      W 
06    12.1    15.8   15:11    10.2   08:37     05.9     00.0    04.0   09.9     44.4    11:11      W 
07    12.8    14.6   15:42    10.8   02:59     05.2     00.0    07.0   06.3     37.0    16:05      W 
08    12.5    15.8   12:49    09.6   20:56     05.5     00.0    01.8   03.7     24.1    14:32      W 
09    13.0    15.4   15:46    10.2   01:06     05.0     00.0    01.8   02.1     25.9    12:46     WSW
10    14.3    16.8   14:25    11.8   08:25     03.7     00.0    00.4   05.1     31.4    15:36     WSW
11    15.2    16.2   14:57    14.3   22:00     02.8     00.0    02.0   12.1     37.0    09:10     WSW
12    14.0    16.4   12:28    12.2   08:17     04.0     00.0    04.0   05.7     37.0    15:14      W 
13    15.0    18.8   13:45    12.0   08:03     03.0     00.0    00.0   07.3     42.5    14:33     WSW
14    16.4    19.3   14:16    14.2   00:00     01.6     00.0    00.0   06.2     29.6    14:05      W 
15    16.0    20.2   15:33    13.3   08:20     02.0     00.0    00.2   06.4     25.9    18:42      S 
16    17.8    21.8   14:22    14.7   04:11     00.2     00.0    00.0   08.3     25.9    23:50      S 
17    14.7    18.2   00:05    11.8   00:00     03.3     00.0    00.0   05.3     27.8    13:26      W 
18    13.9    16.7   14:35    10.5   02:21     04.1     00.0    00.0   01.4     16.6    13:18     NNE
19    15.7    19.6   14:48    13.1   06:30     02.3     00.0    00.2   04.6     20.4    20:51      SE
20    14.6    17.1   01:35    12.6   00:00     03.4     00.0    24.8   14.3     50.0    13:42      S 
21    13.5    17.2   15:37    12.2   01:31     04.5     00.0    02.4   13.2     40.7    22:35      S 
22    11.9    14.1   13:23    10.8   05:41     06.1     00.0    07.8   11.3     57.4    02:19     SSW
----------------------------------------------------------------------------------------------------------------------------------------------------------
14.3 (14.6)   21.8  day 16     09.6  day 08   080.7    000.0   067.0   07.9     57.4   day 22      SW
Min <=   30: 22
Max Rain: 24.8 ON 20-10-17
Days of Rain: 16 (> .2mm) 7 (> 2mm) 1 (> 20mm)