MONTHLY CLIMATOLOGICAL SUMMARY for JAN. 2018

NAME: Venhuizerweer   CITY: Venhuizen STATE: Nederland
ELEV: -2 LAT: 052:39:56 LONG: -005:12:41

                            TEMPERATURE ( C), RAIN (mm), WIND SPEED (kmh)

                                               HEAT     COOL           AVG
      MEAN                                     DEG      DEG            WIND                       DOM
DAY   TEMP    HIGH   TIME     LOW    TIME      DAYS     DAYS    RAIN   SPEED    HIGH    TIME      DIR
----------------------------------------------------------------------------------------------------------------------------------------------------------
01    07.0    08.5   00:03    05.9   00:00     11.0     00.0    01.8   09.5     51.8    03:23      SW
02    06.1    08.2   12:21    04.6   04:25     11.9     00.0    02.0   09.2     42.5    20:54     SSW
03    08.2    09.3   04:38    06.7   07:38     09.8     00.0    17.2   16.3     70.3    14:25     WSW
04    08.0    09.4   18:20    06.7   15:46     10.0     00.0    01.0   10.4     46.3    20:39     WSW
05    06.5    07.9   01:35    05.2   18:22     11.5     00.0    03.4   07.4     44.4    01:53      SW
06    05.7    07.2   13:50    03.7   23:30     12.3     00.0    00.0   04.7     31.4    15:16     NNW
07    02.1    03.8   00:07    00.2   00:00     15.9     00.0    00.0   13.2     38.9    18:50      NE
08    01.5    03.7   14:15    00.1   06:55     16.5     00.0    00.0   12.9     35.1    21:41     ENE
09    02.4    05.1   23:31    00.8   08:37     15.6     00.0    00.0   06.6     29.6    00:50     ESE
10    05.9    06.6   14:43    04.7   00:35     12.1     00.0    00.8   06.1     18.5    11:38     SSE
11    05.6    06.7   12:51    04.9   23:26     12.4     00.0    00.0   01.0     12.9    14:16     SSW
12    04.7    05.4   04:37    04.0   17:50     13.3     00.0    00.4   00.7     11.1    11:42      W 
13    04.3    05.1   18:39    03.1   06:24     13.7     00.0    00.0   02.5     25.9    18:51      SE
14    02.8    03.8   00:02    02.2   22:48     15.2     00.0    00.0   07.1     33.3    23:29     ESE
15    04.7    07.4   21:29    02.3   00:31     13.3     00.0    13.8   19.8     50.0    13:25      S 
16    05.3    06.7   11:44    03.5   09:51     12.7     00.0    02.6   08.2     44.4    11:46      W 
17    04.2    05.9   21:26    01.7   06:09     13.8     00.0    05.2   09.8     51.8    13:52      W 
18    04.8    08.7   08:55    02.1   21:21     13.2     00.0    07.2   13.9     90.7    10:49     WSW
19    04.0    07.7   13:35    02.7   23:34     14.0     00.0    03.4   03.5     33.3    23:43      W 
20    02.8    03.8   16:46    02.1   04:50     15.2     00.0    02.4   04.9     29.6    12:30      S 
21    03.8    08.3   13:02    01.3   09:24     14.2     00.0    00.6   05.4     31.4    23:32     SSW
----------------------------------------------------------------------------------------------------------------------------------------------------------
04.8 (4.9)   09.4  day 04     00.1  day 08   277.7    000.0   062.0   08.2     90.7   day 18     SSW
Min <=   30: 21
Max Rain: 17.2 ON 3-01-18
Days of Rain: 14 (> .2mm) 8 (> 2mm) 0 (> 20mm)